
{"id":15481,"date":"2020-06-12T11:42:52","date_gmt":"2020-06-12T04:42:52","guid":{"rendered":"https:\/\/elo.edu.vn\/?page_id=15481"},"modified":"2022-02-18T11:02:57","modified_gmt":"2022-02-18T04:02:57","slug":"mau-bieu","status":"publish","type":"page","link":"https:\/\/en.elo.edu.vn\/?page_id=15481","title":{"rendered":"M\u1eabu bi\u1ec3u"},"content":{"rendered":"<p>[vc_row][vc_column][vc_empty_space height=&#8221;50px&#8221; el_class=&#8221;vc_hidden-xs vc_hidden-sm&#8221;][vc_empty_space height=&#8221;40px&#8221;]<div class=\"elo-heading text-center\">M\u1eaaU BI\u1ec2U<\/div>[\/vc_column][\/vc_row][vc_row][vc_column]<div class=\"elo-regulation \"><div class=\"elo-regulation__content\">1. \u0110\u01a1n \u0111\u1ec1 ngh\u1ecb chuy\u1ec3n h\u00ecnh th\u1ee9c \u0111\u00e0o t\u1ea1o<\/div><a href=\"https:\/\/drive.google.com\/file\/d\/1UIRINNXR0br2s2mnY4l5GYsqCse_1l_X\/view?usp=sharing\" target=\"_blank\" rel=\"nofollow\" class=\"elo-regulation__link\">Xem t\u1ea1i \u0111\u00e2y<\/a><\/div><div class=\"elo-regulation \"><div class=\"elo-regulation__content\">2. \u0110\u01a1n \u0111\u1ec1 ngh\u1ecb chuy\u1ec3n ng\u00e0nh \u0111\u00e0o t\u1ea1o<\/div><a href=\"https:\/\/drive.google.com\/open?id=1vwOtaPHZiKpNKopuG00O2S-IxHLdGtaK\" target=\"_blank\" rel=\"nofollow\" class=\"elo-regulation__link\">Xem t\u1ea1i \u0111\u00e2y<\/a><\/div><div class=\"elo-regulation \"><div class=\"elo-regulation__content\">3. \u0110\u01a1n \u0111\u1ec1 ngh\u1ecb h\u1ecdc b\u1ed5 sung m\u00f4n (h\u1ec7 T\u1eeb xa truy\u1ec1n th\u1ed1ng b\u1ed5 sung m\u00f4n tr\u1ef1c tuy\u1ebfn)<\/div><a href=\"https:\/\/drive.google.com\/open?id=1HRhFeOpxB93-FuBnesywshbPC4ogRVn2\" target=\"_blank\" rel=\"nofollow\" class=\"elo-regulation__link\">Xem t\u1ea1i \u0111\u00e2y<\/a><\/div><div class=\"elo-regulation \"><div class=\"elo-regulation__content\">4. \u0110\u01a1n \u0111\u1ec1 ngh\u1ecb t\u1ea1m ng\u01b0ng h\u1ecdc<\/div><a href=\"https:\/\/drive.google.com\/open?id=1YOYEX0-lj43CfX36ZOk9fSnuCEJPW0L7\" target=\"_blank\" rel=\"nofollow\" class=\"elo-regulation__link\">Xem t\u1ea1i \u0111\u00e2y<\/a><\/div><div class=\"elo-regulation \"><div class=\"elo-regulation__content\">5. \u0110\u01a1n \u0111\u1ec1 ngh\u1ecb ph\u00fac kh\u1ea3o b\u00e0i thi k\u1ebft th\u00fac m\u00f4n<\/div><a href=\"https:\/\/drive.google.com\/open?id=1qWlLw5rKWIDyNl4qOGclHvtRL79IfPw4\" target=\"_blank\" rel=\"nofollow\" class=\"elo-regulation__link\">Xem t\u1ea1i \u0111\u00e2y<\/a><\/div><div class=\"elo-regulation \"><div class=\"elo-regulation__content\">6. \u0110\u01a1n \u0111\u1ec1 ngh\u1ecb ho\u00e0n h\u1ecdc ph\u00ed<\/div><a href=\"https:\/\/drive.google.com\/open?id=1iXgsNj6FH3oFiwaVsDaMrDk6XL-cYzFa\" target=\"_blank\" rel=\"nofollow\" class=\"elo-regulation__link\">Xem t\u1ea1i \u0111\u00e2y<\/a><\/div><div class=\"elo-regulation \"><div class=\"elo-regulation__content\">7. \u0110\u01a1n \u0111\u1ec1 ngh\u1ecb chuy\u1ec3n ph\u01b0\u01a1ng th\u1ee9c \u0111\u00e0o t\u1ea1o<\/div><a href=\"https:\/\/drive.google.com\/open?id=1h1WVUzOSIFQtZGYAG3tddzCfP1s7ZXH-\" target=\"_blank\" rel=\"nofollow\" class=\"elo-regulation__link\">Xem t\u1ea1i \u0111\u00e2y<\/a><\/div><div class=\"elo-regulation \"><div class=\"elo-regulation__content\">8. \u0110\u01a1n \u0111\u1ec1 ngh\u1ecb c\u1ea5p h\u00f3a \u0111\u01a1n t\u00e0i ch\u00ednh<\/div><a href=\"https:\/\/drive.google.com\/open?id=16-YUD-iAL7e0jMVaJocSWG37-n7BcacB\" target=\"_blank\" rel=\"nofollow\" class=\"elo-regulation__link\">Xem t\u1ea1i \u0111\u00e2y<\/a><\/div><div class=\"elo-regulation \"><div class=\"elo-regulation__content\">9. \u0110\u01a1n \u0111\u1ec1 ngh\u1ecb x\u00e9t mi\u1ec5n gi\u1ea3m m\u00f4n h\u1ecdc<\/div><a href=\"http:\/\/t.ly\/UMp8\" target=\"_blank\" rel=\"nofollow\" class=\"elo-regulation__link\">Xem t\u1ea1i \u0111\u00e2y<\/a><\/div><div class=\"elo-regulation \"><div class=\"elo-regulation__content\">10. Gi\u1ea5y cam k\u1ebft tr\u1ea3 n\u1ee3 vay t\u00edn d\u1ee5ng<\/div><a href=\"https:\/\/drive.google.com\/open?id=17JMVACr5KKN_E7XwjH5OMXr8-b6ssiDy\" target=\"_blank\" rel=\"nofollow\" class=\"elo-regulation__link\">Xem t\u1ea1i \u0111\u00e2y<\/a><\/div><div class=\"elo-regulation \"><div class=\"elo-regulation__content\">11. Gi\u1ea5y x\u00e1c nh\u1eadn vay t\u00edn d\u1ee5ng<\/div><a href=\"https:\/\/drive.google.com\/open?id=1oM6duVAlWo1x04kK4SPZ3F99Z7l1nrDY\" target=\"_blank\" rel=\"nofollow\" class=\"elo-regulation__link\">Xem t\u1ea1i \u0111\u00e2y<\/a><\/div><div class=\"elo-regulation \"><div class=\"elo-regulation__content\">12. \u0110\u01a1n \u0111\u1ec1 ngh\u1ecb c\u1ea5p b\u1ea3ng \u0111i\u1ec3m h\u1ecdc t\u1eadp<\/div><a href=\"https:\/\/drive.google.com\/open?id=13BKIbtlEHKLRoFtwiI5nQZeiJfiSwpsM\" target=\"_blank\" rel=\"nofollow\" class=\"elo-regulation__link\">Xem t\u1ea1i \u0111\u00e2y<\/a><\/div><div class=\"elo-regulation \"><div class=\"elo-regulation__content\">13. \u0110\u01a1n \u0111\u1ec1 ngh\u1ecb c\u1ea5p gi\u1ea5y ch\u1ee9ng nh\u1eadn sinh vi\u00ean<\/div><a href=\"https:\/\/drive.google.com\/open?id=1vablloxmhiIbIjU2fgp44-37wHkjRM6r\" target=\"_blank\" rel=\"nofollow\" class=\"elo-regulation__link\">Xem t\u1ea1i \u0111\u00e2y<\/a><\/div><div class=\"elo-regulation \"><div class=\"elo-regulation__content\">14. \u0110\u01a1n \u0111\u1ec1 ngh\u1ecb c\u1ea5p gi\u1ea5y ch\u1ee9ng nh\u1eadn t\u1ed1t nghi\u1ec7p t\u1ea1m th\u1eddi<\/div><a href=\"https:\/\/drive.google.com\/open?id=1aLO7RHkm9DpJpA_h874pHsBv9IxjMkTK\" target=\"_blank\" rel=\"nofollow\" class=\"elo-regulation__link\">Xem t\u1ea1i \u0111\u00e2y<\/a><\/div><div class=\"elo-regulation \"><div class=\"elo-regulation__content\">15. \u0110\u01a1n \u0111\u1ec1 ngh\u1ecb c\u1ea5p gi\u1ea5y ho\u00e0n th\u00e0nh ch\u01b0\u01a1ng tr\u00ecnh \u0111\u00e0o t\u1ea1o<\/div><a href=\"https:\/\/drive.google.com\/open?id=1LzhpR182Kn-WpaqjXDJesXTsJ2JqVAcM\" target=\"_blank\" rel=\"nofollow\" class=\"elo-regulation__link\">Xem t\u1ea1i \u0111\u00e2y<\/a><\/div><div class=\"elo-regulation \"><div class=\"elo-regulation__content\">16. \u0110\u01a1n \u0111\u1ec1 ngh\u1ecb x\u00e9t t\u1ed1t nghi\u1ec7p - Li\u00ean th\u00f4ng<\/div><a href=\"https:\/\/drive.google.com\/open?id=1ll_BYWsOwww8ude5hE3ti2VLb0NmIeTo\" target=\"_blank\" rel=\"nofollow\" class=\"elo-regulation__link\">Xem t\u1ea1i \u0111\u00e2y<\/a><\/div><div class=\"elo-regulation \"><div class=\"elo-regulation__content\">17. \u0110\u01a1n \u0111\u1ec1 ngh\u1ecb x\u00e9t t\u1ed1t nghi\u1ec7p - V\u0103n b\u1eb1ng 1<\/div><a href=\"https:\/\/drive.google.com\/open?id=1Tct6lsKVeQxAdILnpSoQqOIM968Uxhll\" target=\"_blank\" rel=\"nofollow\" class=\"elo-regulation__link\">Xem t\u1ea1i \u0111\u00e2y<\/a><\/div><div class=\"elo-regulation \"><div class=\"elo-regulation__content\">18. \u0110\u01a1n \u0111\u1ec1 ngh\u1ecb x\u00e9t t\u1ed1t nghi\u1ec7p - V\u0103n b\u1eb1ng 2<\/div><a href=\"https:\/\/drive.google.com\/open?id=10CP2CnVsrLdgGjrbtQwlvErrTowHvqIM\" target=\"_blank\" rel=\"nofollow\" class=\"elo-regulation__link\">Xem t\u1ea1i \u0111\u00e2y<\/a><\/div><div class=\"elo-regulation \"><div class=\"elo-regulation__content\">19. \u0110\u01a1n d\u1ec1 ngh\u1ecb nh\u1eadp h\u1ecdc l\u1ea1i<\/div><a href=\"https:\/\/drive.google.com\/file\/d\/1Bn4K8ltD42KLo1ZLPfTmbKGX56SIeoWw\/view?usp=sharing\" target=\"_blank\" rel=\"nofollow\" class=\"elo-regulation__link\">Xem t\u1ea1i \u0111\u00e2y<\/a><\/div>[\/vc_column][\/vc_row][vc_row][vc_column][vc_empty_space height=&#8221;50px&#8221;]<div class=\" ubtn-ctn-center elo-button popup-button-form\"><button type=\"button\" id=\"ubtn-1887\"  class=\"ubtn ult-adjust-bottom-margin ult-responsive ubtn-custom ubtn-no-hover-bg  none  ubtn-center elo-button popup-button-form  tooltip-69fde18fbce21\"  data-hover=\"#ffffff\" data-border-color=\"\" data-bg=\"linear-gradient(to right, #fc720c, #f02127)\" data-hover-bg=\"linear-gradient(to right, #f02127, #fc720c)\" data-border-hover=\"\" data-shadow-hover=\"\" data-shadow-click=\"none\" data-shadow=\"\" data-shd-shadow=\"\"  data-ultimate-target='#ubtn-1887'  data-responsive-json-new='{\"font-size\":\"desktop:18px;\",\"line-height\":\"desktop:20px;\"}'  style=\"font-weight:bold;width:270px;min-height:56px;padding:px px;border:none;background: linear-gradient(to right, #fc720c, #f02127);color: #ffffff;\"><span class=\"ubtn-hover\" style=\"background-color:#f02127\"><\/span><span class=\"ubtn-data ubtn-text \" >\u0110\u0102NG K\u00dd NH\u1eacN T\u01af V\u1ea4N<\/span><\/button><\/div>[vc_empty_space height=&#8221;25px&#8221;][\/vc_column][\/vc_row]<\/p>\n","protected":false},"excerpt":{"rendered":"<p>[vc_row][vc_column][vc_empty_space height=&#8221;50px&#8221; el_class=&#8221;vc_hidden-xs vc_hidden-sm&#8221;][vc_empty_space height=&#8221;40px&#8221;][\/vc_column][\/vc_row][vc_row][vc_column][\/vc_column][\/vc_row][vc_row][vc_column][vc_empty_space height=&#8221;50px&#8221;][vc_empty_space height=&#8221;25px&#8221;][\/vc_column][\/vc_row]<\/p>\n","protected":false},"author":1,"featured_media":14997,"parent":0,"menu_order":0,"comment_status":"closed","ping_status":"closed","template":"","meta":[],"_links":{"self":[{"href":"https:\/\/en.elo.edu.vn\/index.php?rest_route=\/wp\/v2\/pages\/15481"}],"collection":[{"href":"https:\/\/en.elo.edu.vn\/index.php?rest_route=\/wp\/v2\/pages"}],"about":[{"href":"https:\/\/en.elo.edu.vn\/index.php?rest_route=\/wp\/v2\/types\/page"}],"author":[{"embeddable":true,"href":"https:\/\/en.elo.edu.vn\/index.php?rest_route=\/wp\/v2\/users\/1"}],"replies":[{"embeddable":true,"href":"https:\/\/en.elo.edu.vn\/index.php?rest_route=%2Fwp%2Fv2%2Fcomments&post=15481"}],"version-history":[{"count":7,"href":"https:\/\/en.elo.edu.vn\/index.php?rest_route=\/wp\/v2\/pages\/15481\/revisions"}],"predecessor-version":[{"id":17518,"href":"https:\/\/en.elo.edu.vn\/index.php?rest_route=\/wp\/v2\/pages\/15481\/revisions\/17518"}],"wp:featuredmedia":[{"embeddable":true,"href":"https:\/\/en.elo.edu.vn\/index.php?rest_route=\/wp\/v2\/media\/14997"}],"wp:attachment":[{"href":"https:\/\/en.elo.edu.vn\/index.php?rest_route=%2Fwp%2Fv2%2Fmedia&parent=15481"}],"curies":[{"name":"wp","href":"https:\/\/api.w.org\/{rel}","templated":true}]}}