
{"id":18507,"date":"2024-07-31T15:01:00","date_gmt":"2024-07-31T08:01:00","guid":{"rendered":"https:\/\/en.elo.edu.vn\/?page_id=18507"},"modified":"2026-04-10T16:22:01","modified_gmt":"2026-04-10T09:22:01","slug":"chuong-trinh-cu-nhan-truc-tuyennganh-dong-nam-a-hoc-2","status":"publish","type":"page","link":"https:\/\/en.elo.edu.vn\/?page_id=18507","title":{"rendered":"ONLINE BACHELOR DEGREE PROGRAM <br>IN SOUTHEAST ASIAN STUDIES"},"content":{"rendered":"<p>[vc_row][vc_column width=&#8221;7\/12&#8243;][vc_empty_space height=&#8221;50px&#8221; el_class=&#8221;vc_hidden-xs vc_hidden-sm&#8221;][vc_empty_space height=&#8221;40px&#8221;]<div class=\"elo-heading no-margin\">INTRODUCTION<\/div>[vc_column_text el_class=&#8221;elo-text-block&#8221;]<\/p>\n<div>\n<p>Ho Chi Minh City Open University&#8217;s Online Bachelor Degree Program in Southeast Asian Studies provides students with basic knowledge of politics, law, economics, and the humanities and social sciences related to culture, tourism, and Southeast Asian studies.<\/p>\n<p>Students are fostered in verbal and non-verbal communication skills, thinking and problem-solving skills, and make professional practice in the Southeast Asia culture &#8211; tourism.<\/p>\n<p>The program methodologically trains students to organize and implement plans, work individually and in groups, and cultivate a sense of responsibility, country serving, and professional ethics.<\/p>\n<p>&nbsp;<\/p>\n<\/div>\n<h4>Admission requirements<\/h4>\n<p>To enroll in the program, applicants have to meet either of the two admission requirements as follows:<\/p>\n<ul>\n<li>+ Holding a high school diploma or an intermediate degree under the regulations of the Ministry of Education and Training of Vietnam.<\/li>\n<li>+ Holding an intermediate degree but have not yet graduated from a high school must be recognized as having completed high school subjects as prescribed.<\/li>\n<li>+ Holding a bachelor&#8217;s degree in another major (be exempt from the equivalent credits).<\/li>\n<\/ul>\n<h4>Degree Credibility<\/h4>\n<p>The bachelor&#8217;s degree awarded by Ho Chi Minh City Open University is in the national qualification system, and its validity fulfills the postgraduate admission or the job recruitment.[\/vc_column_text][vc_empty_space height=&#8221;60px&#8221; el_class=&#8221;vc_hidden-xs vc_hidden-sm&#8221;][\/vc_column][vc_column width=&#8221;5\/12&#8243;]<div class=\"elo-course \"><h2 class=\"elo-course__title\">PROGRAM INFORMATION<\/h2><div class=\"elo-course__items\"><div class=\"elo-course__item\"><h4 class=\"elo-course__label\">Course Subject<\/h4><div class=\"elo-course__value\">SOUTHEAST ASIAN STUDIES<\/div><\/div><div class=\"elo-course__item\"><h4 class=\"elo-course__label\">Total subjects<\/h4><div class=\"elo-course__value\">43 subjects<\/div><\/div><div class=\"elo-course__item\"><h4 class=\"elo-course__label\">Total credits<\/h4><div class=\"elo-course__value\">124 credits<\/div><\/div><div class=\"elo-course__item\"><h4 class=\"elo-course__label\">Type of degree<\/h4><div class=\"elo-course__value\">Bachelor<\/div><\/div><div class=\"elo-course__item\"><h4 class=\"elo-course__label\">Regular Duration<\/h4><div class=\"elo-course__value\">At least 3.5 years<\/div><\/div><\/div><\/div>[vc_empty_space height=&#8221;40px&#8221;][\/vc_column][\/vc_row][vc_row bg_type=&#8221;image&#8221; parallax_style=&#8221;vcpb-default&#8221; bg_image_new=&#8221;id^16468|url^https:\/\/elo.edu.vn\/wp-content\/uploads\/2021\/06\/nganh-marketing-banner-1.jpg|caption^null|alt^null|title^nganh-marketing-banner-1|description^null&#8221; bg_image_repeat=&#8221;no-repeat&#8221; bg_override=&#8221;full&#8221; el_class=&#8221;elo-content-box-single-image&#8221;][vc_column][vc_row_inner][vc_column_inner][vc_empty_space height=&#8221;25px&#8221; el_class=&#8221;vc_hidden-xs vc_hidden-sm&#8221;][vc_empty_space height=&#8221;30px&#8221;]<div class=\"elo-heading color-white text-center\">BENEFITS<\/div>[\/vc_column_inner][\/vc_row_inner][vc_row_inner][vc_column_inner width=&#8221;1\/2&#8243; css=&#8221;.vc_custom_1774431956623{margin-bottom: 30px !important;}&#8221;]<div class=\"elo-content-box--withImage \"><div class=\"elo-content-box-image\"><img src=\"https:\/\/en.elo.edu.vn\/wp-content\/uploads\/2021\/06\/gan-voi-nghe-nghiep-viec-lam.jpg\" \/><\/div><div class=\"elo-content\"><h4>Tremendous job opportunities and brilliant careers<\/h4>Graduates can apply for jobs: officer of the government and non-governmental organizations, tour guide, tour salesperson, tour designer, tour operator, editor or specialist in media or event agencies, and researcher at institutes and universities.<div class=\"vc_empty_space vc_hidden-xs vc_hidden-sm\" style=\"height: 0px\"><span class=\"vc_empty_space_inner\"><\/span><\/div><\/div><\/div><div class=\"elo-content-box--withImage \"><div class=\"elo-content-box-image\"><img src=\"https:\/\/en.elo.edu.vn\/wp-content\/uploads\/2021\/06\/ho-tro-tu-giang-vien.jpg\" \/><\/div><div class=\"elo-content\"><h4>E-Learning with lecturers and support from student services<\/h4>The E-Class model combined with forums facilitates discussions between students with their lecturers and classmates to gain knowledge and practical experience. The ELOSUPPORT and SISOU systems are available to receive and solve students&#8217; problems timely.<div class=\"vc_empty_space vc_hidden-xs vc_hidden-sm\" style=\"height: 26px\"><span class=\"vc_empty_space_inner\"><\/span><\/div><\/div><\/div>[\/vc_column_inner][vc_column_inner width=&#8221;1\/2&#8243;]<div class=\"elo-content-box--withImage \"><div class=\"elo-content-box-image\"><img src=\"https:\/\/en.elo.edu.vn\/wp-content\/uploads\/2021\/06\/phuong-thuc-hoc-linh-hoat.jpg\" \/><\/div><div class=\"elo-content\"><h4>A learning method with a high level of convenience and interactiveness<\/h4>90% of the program content is delivered via the Internet. Students actively choose suitable places, times, and schedules for their studies. They learn in the online environment of the ELOLMS system with abundant and qualified materials.<div class=\"vc_empty_space vc_hidden-xs vc_hidden-sm\" style=\"height: 0px\"><span class=\"vc_empty_space_inner\"><\/span><\/div><\/div><\/div><div class=\"elo-content-box--withImage \"><div class=\"elo-content-box-image\"><img src=\"https:\/\/en.elo.edu.vn\/wp-content\/uploads\/2021\/06\/hoc-phi-hop-ly.jpg\" \/><\/div><div class=\"elo-content\"><h4>Optimal Learning Solutions<\/h4>Students optimize time use by online learning in their free time with less driving time and fees. Students could win scholarships if their academic achievements be excellent. All materials (prints and ebooks) are provided to students for free.<div class=\"vc_empty_space vc_hidden-xs vc_hidden-sm\" style=\"height: 26px\"><span class=\"vc_empty_space_inner\"><\/span><\/div><\/div><\/div>[\/vc_column_inner][\/vc_row_inner][vc_row_inner][vc_column_inner][vc_empty_space height=&#8221;50px&#8221; el_class=&#8221;vc_hidden-xs vc_hidden-sm&#8221;][vc_empty_space height=&#8221;50px&#8221;][\/vc_column_inner][\/vc_row_inner][\/vc_column][\/vc_row][vc_row bg_type=&#8221;image&#8221; parallax_style=&#8221;vcpb-default&#8221; bg_image_new=&#8221;id^16477|url^https:\/\/elo.edu.vn\/wp-content\/uploads\/2021\/06\/nganh-marketing-banner-2.png|caption^null|alt^null|title^nganh-marketing-banner-2|description^null&#8221; bg_image_repeat=&#8221;no-repeat&#8221; bg_image_size=&#8221;contain&#8221; bg_image_posiiton=&#8221;bottom left&#8221; bg_override=&#8221;full&#8221; el_class=&#8221;elo-content-box-single-image&#8221;][vc_column][\/vc_column][\/vc_row][vc_row][vc_column][vc_empty_space height=&#8221;50px&#8221; el_class=&#8221;vc_hidden-xs vc_hidden-sm&#8221;][\/vc_column][\/vc_row][vc_row][vc_column width=&#8221;1\/2&#8243;][vc_single_image image=&#8221;16478&#8243; img_size=&#8221;full&#8221; css=&#8221;.vc_custom_1624002758955{padding-right: 40px !important;}&#8221; el_class=&#8221;vc_hidden-xs&#8221;][\/vc_column][vc_column width=&#8221;1\/2&#8243;]<div class=\"elo-heading \">ACADEMIC PROGRAM<\/div>[vc_column_text el_class=&#8221;elo-content-marketing&#8221;]The Online Bachelor Degree Program in Southeast Asian Studies includes knowledge equivalent to the on-campus program with a practice-orientation design. The program covers 32 subjects (126 credits) in the regular schedule occurring in 14 semesters. Students can accelerate program completion by increasing the number register of courses each semester based on the regulations. They have to accomplish these courses in the following order:<\/p>\n<ul>\n<li>Study Skills Subject<\/li>\n<li>Certificate of Southeast Asian Culture and Art<\/li>\n<li>Certificate of Tourism in Southeast Asia<\/li>\n<li>Certificate of International Relations in Southeast Asia<\/li>\n<li>Certificate of language<\/li>\n<li>Bachelor of Southeast Asian Studies<\/li>\n<\/ul>\n<p>[\/vc_column_text][\/vc_column][vc_column][vc_empty_space height=&#8221;60px&#8221; el_class=&#8221;vc_hidden-xs vc_hidden-sm&#8221;][\/vc_column][\/vc_row][vc_row bg_type=&#8221;grad&#8221; bg_override=&#8221;full&#8221; bg_grad=&#8221;background: url(data:image\/svg+xml;base64,PHN2ZyB4bWxucz0iaHR0cDovL3d3dy53My5vcmcvMjAwMC9zdmciPjxkZWZzPjxsaW5lYXJHcmFkaWVudCBpZD0iZ3JhZGllbnQiIHgxPSIwJSIgeTE9IjAlIiB4Mj0iMCUiIHkyPSIxMDAlIj48c3RvcCBvZmZzZXQ9IjAlIiBzdHlsZT0ic3RvcC1jb2xvcjojRTZGMkY2OyIgLz48c3RvcCBvZmZzZXQ9IjEwMCUiIHN0eWxlPSJzdG9wLWNvbG9yOiNGNkVCRTY7IiAvPjwvbGluZWFyR3JhZGllbnQ+PC9kZWZzPjxyZWN0IGZpbGw9InVybCgjZ3JhZGllbnQpIiBoZWlnaHQ9IjEwMCUiIHdpZHRoPSIxMDAlIiAvPjwvc3ZnPg==);background: -webkit-gradient(linear, left top, left bottom, color-stop(0%, #E6F2F6), color-stop(100%, #F6EBE6));background: -moz-linear-gradient(left,#E6F2F6 0%,#F6EBE6 100%);background: -webkit-linear-gradient(left,#E6F2F6 0%,#F6EBE6 100%);background: -o-linear-gradient(left,#E6F2F6 0%,#F6EBE6 100%);background: -ms-linear-gradient(left,#E6F2F6 0%,#F6EBE6 100%);background: linear-gradient(left,#E6F2F6 0%,#F6EBE6 100%);&#8221;][vc_column][vc_empty_space height=&#8221;25px&#8221; el_class=&#8221;vc_hidden-xs vc_hidden-sm&#8221;][vc_empty_space height=&#8221;30px&#8221; el_class=&#8221;vc_hidden-xs vc_hidden-sm&#8221;]<div class=\"elo-heading text-center\">Bachelor of Southeast Asian Studies<\/div>[vc_empty_space height=&#8221;10px&#8221; el_class=&#8221;vc_hidden-xs vc_hidden-sm&#8221;][vc_tta_accordion active_section=&#8221;1&#8243; el_class=&#8221;elo-custom&#8221;][vc_tta_section title=&#8221;Study Skills Course&#8221; tab_id=&#8221;1623844431039-4ae45909-95ac&#8221;][vc_row_inner][vc_column_inner][vc_column_text]<\/p>\n<div style=\"margin-top: -20px;\"><div class=\"flex_column av_one_half  flex_column_div first  avia-builder-el-0  el_before_av_one_half  avia-builder-el-first  \" ><p>This course provides students with the necessary skills for thoroughly understanding the learning process, competently using information technology in learning, and developing themselves and their careers.<\/p><\/div><div class=\"flex_column av_one_half  flex_column_div   avia-builder-el-1  el_after_av_one_half  el_before_av_one_half  \" ><p>Study skills (2)<\/p><\/div><\/div>\n<p>[\/vc_column_text][\/vc_column_inner][\/vc_row_inner][\/vc_tta_section][vc_tta_section title=&#8221;Certificate of Southeast Asian Culture and Art (16)&#8221; tab_id=&#8221;1659402990087-6d83e35b-a0f7&#8243;][vc_row_inner][vc_column_inner][vc_column_text]<div class=\"flex_column av_one_half  flex_column_div first  avia-builder-el-2  el_after_av_one_half  el_before_av_one_half  column-top-margin\" ><p>B\u1ea3o \u0111\u1ea3m n\u0103ng l\u1ef1c chuy\u00ean m\u00f4n c\u1ea7n thi\u1ebft trong ho\u1ea1t \u0111\u1ed9ng ngh\u1ec1 nghi\u1ec7p. Sinh vi\u00ean c\u00f3 hi\u1ec3u bi\u1ebft c\u01a1 b\u1ea3n v\u1ec1 \u0111\u1eb7c .This certificate is designed to ensure professional competencies and a basic source of knowledge about various Art and Culture spheres for learners\u2019 work and career readiness. After completing this certificate, learners will be able to acquire core area concepts of unique characteristics, similarities as well as differences of Art and Culture in Southeast Asian countries. <\/p><\/div><div class=\"flex_column av_one_half  flex_column_div   avia-builder-el-3  el_after_av_one_half  el_before_av_one_half  column-top-margin\" ><p>1. Introduction to Southeast Asian Studies (2)<br \/>\n2. Southeast Asian Arts (3)<br \/>\n3. Culture in Mainland Southeast Asia (3)<br \/>\n4. Culture in Island Southeast Asia (2)<br \/>\n5. Cham Culture in Southeast Asia (2)<br \/>\n6. Project case study 2 (Southeast Asian Culture)\u00a0(3)<\/p><\/div>[\/vc_column_text][\/vc_column_inner][\/vc_row_inner][\/vc_tta_section][vc_tta_section title=&#8221;Certificate of Tourism in Southeast Asia (17)&#8221; tab_id=&#8221;1623848932149-5f77ca09-3481&#8243;][vc_row_inner][vc_column_inner][vc_column_text css=&#8221;.vc_custom_1774432312786{margin-bottom: 30px !important;}&#8221;]<div class=\"flex_column av_one_half  flex_column_div first  avia-builder-el-4  el_after_av_one_half  el_before_av_one_half  column-top-margin\" ><p>B\u1ea3o \u0111\u1ea3m n\u0103ng l\u1ef1c c\u1ea7n thi\u1ebft v\u1ec1 nghi\u1ec7p v\u1ee5 du l\u1ecbch. Sinh vi\u00ean c\u00f3 k\u1ef9 n\u0103ng c\u01a1 b\u1ea3n v\u1ec1 c\u00e1ch thi\u1ebft k\u1ebf, \u0111i\u1ec1u h\u00e0nh tour, ki\u1ebfn th\u1ee9c v\u1ec1 du l\u1ecbch v\u0103n h\u00f3a di s\u1ea3n, c\u00e1c t\u1ed9c ng\u01b0\u1eddi, t\u00f4n gi\u00e1o This certificate is designed to ensure professional competencies and form the basis of tourism in Southeast Asia for real-world applications to enrich learners\u2019 career opportunities. After completing this certificate, learners can acquire essential skills for tour operation and travel agencies, and attain a basic source of knowledge about heritage tourism, diverse ethnic groups, and religions in Southeast Asian countries.<\/p><\/div><div class=\"flex_column av_one_half  flex_column_div   avia-builder-el-5  el_after_av_one_half  el_before_av_one_half  column-top-margin\" ><p>7. Religion in Southeast Asian (3)<br \/>\n8. Ethnic groups in Southeast Asian (3)<br \/>\n9. Designing and tour operating (3)<br \/>\n10. Event and Festival Organization<span style=\"font-weight: 400;\"> (2)<\/span><\/p>\n<div><\/div>\n<div><\/div>\n<div><\/div>\n<div><\/div>\n<p>11. Cultural and Heritage Tourism <span style=\"font-weight: 400;\">(3)<\/span><br \/>\n12. Project case study 3 (Southeast Asian Tourism)<\/p><\/div>[\/vc_column_text][\/vc_column_inner][\/vc_row_inner][\/vc_tta_section][vc_tta_section title=&#8221;Certificate of International Relations in Southeast Asia (8)&#8221; tab_id=&#8221;1623848944224-baa41066-399a&#8221;][vc_row_inner][vc_column_inner][vc_column_text]<div class=\"flex_column av_one_half  flex_column_div first  avia-builder-el-6  el_after_av_one_half  el_before_av_one_half  column-top-margin\" ><p>B\u1ea3o \u0111\u1ea3m n\u0103ng l\u1ef1c chuy\u00ean m\u00f4n c\u1ea7n thi\u1ebft trong ho\u1ea1t \u0111\u1ed9ng ngh\u1ec1 nghi\u1ec7p, li\u00ean quan \u0111\u1ebfn quan h\u1ec7 gi\u1eefa c\u00e1c qu\u1ed1c gia trong khu v\u1ef1c ASEAN. Sinh vi\u00ean c\u00f3 hi\u1ec3u bi\u1ebft c\u01a1 b\u1ea3n v\u1ec1 l\u1ecbch s\u1eed, th\u1ec3 This certificate is designed to foreground a basic source of knowledge about international relations in Southeast Asia for students\u2019 work and career readiness. Students completing this certificate can further understand the history, political institutions, trends in cooperation, and the operating structures of international as well as regional organizations in Southeast Asia.<\/p><\/div><div class=\"flex_column av_one_half  flex_column_div   avia-builder-el-7  el_after_av_one_half  el_before_av_one_half  column-top-margin\" ><p>13. History of Southeast Asia (3)<br \/>\n14. International Relations in Southeast Asia (3)<br \/>\n15. The Chinese in Southeast Asia (2)<\/p><\/div>[\/vc_column_text][\/vc_column_inner][\/vc_row_inner][\/vc_tta_section][vc_tta_section title=&#8221;Certificate of language (15)&#8221; tab_id=&#8221;1623848962699-cf0aaeca-16a6&#8243;][vc_row_inner][vc_column_inner][vc_column_text]<div class=\"flex_column av_one_half  flex_column_div first  avia-builder-el-8  el_after_av_one_half  el_before_av_one_half  column-top-margin\" ><p>B\u1ea3o \u0111\u1ea3m n\u0103ng l\u1ef1c ngo\u1ea1i ng\u1eef trong b\u1ed1i c\u1ea3nh h\u1ed9i nh\u1eadp khu v\u1ef1c v\u00e0 th\u1ebf gi\u1edbi. Sinh vi\u00ean c\u00f3 n\u0103ng l\u1ef1c s\u1eed d\u1ee5ng ngo\u1ea1i ng\u1eef hi\u1ec7u qu\u1ea3 trong c\u00e1c t\u00ecnh hu\u1ed1ng giao ti\u1ebfp c\u00f4ng s\u1edf, c\u00e1c\u00a0 This certificate is designed to ensure professional competencies and basic practical skills for students\u2019 real-world applications in the context of regional and global integration. Students completing this certificate can use their target foreign language effectively for communicative purposes at work, for professional activities, or in other international affairs. .<\/p><\/div><div class=\"flex_column av_one_half  flex_column_div   avia-builder-el-9  el_after_av_one_half  el_before_av_one_half  column-top-margin\" ><p>16. Bahasa Indonesia (3)<br \/>\n17. Chinese (3)<br \/>\n18. Japanese (3)<br \/>\n19. Korean (3)<\/p><\/div>[\/vc_column_text][\/vc_column_inner][\/vc_row_inner][\/vc_tta_section][vc_tta_section title=&#8221;Bachelor of Southeast Asian Studies&#8221; tab_id=&#8221;1687227764558-27f95bfa-22f8&#8243;][vc_column_text]<div class=\"flex_column av_one_half  flex_column_div first  avia-builder-el-10  el_after_av_one_half  el_before_av_one_half  column-top-margin\" ><p>Sau khi t\u00edch l\u0169y \u0111\u1ee7 c\u00e1c ch\u1ee9ng nh\u1eadn, sinh vi\u00ean c\u1ea7n ho\u00e0n th\u00e0nh c\u00e1c h\u1ecdc ph\u1ea7n \u0111i\u1ec1u ki\u1ec7n \u0111\u1ec3 \u0111\u01b0\u1ee3c c\u1ea5p v\u0103n After earning all these certificates, students complete other required courses to grant a bachelor&#8217;s degree in Southeast Asian Studies. To replace the IT and foreign language credits, students can submit certificates. <\/p><\/div><div class=\"flex_column av_one_half  flex_column_div   avia-builder-el-11  el_after_av_one_half  avia-builder-el-last  column-top-margin\" ><p>20. Marxist &#8211; Leninist physiology(3)<br \/>\n21. Marxist &#8211; Leninist political economy (2)<br \/>\n22. Scientific Socialism (2)<br \/>\n23. History of the Vietnamese communist party (2)<br \/>\n24. Ho Chi Minh&#8217;s Ideology (2)<br \/>\n25. Introduction to Anthropology (3)<br \/>\n26. Introduction to Sociology (3)<br \/>\n27. Introduction to Law (3)<br \/>\n28. Introduction to Vietnamese culture (3)<br \/>\n29. Human Environmental Interaction (3)<br \/>\n30. Introduction to Statistical Package for the Social Science (3)<br \/>\n31. Information Technology Basics\u00a0(3)<br \/>\n32. Academic English (15)<\/p><\/div>[\/vc_column_text][\/vc_tta_section][\/vc_tta_accordion][vc_raw_html]JTNDZGl2JTIwc3R5bGUlM0QlMjJ0ZXh0LWFsaWduJTNBJTIwcmlnaHQlM0IlMjBmb250LXNpemUlM0ElMjAyNXB4JTNCJTIwcGFkZGluZy10b3AlM0ElMjAyMHB4JTNCJTIyJTNFU2VlJTIwQWNhZGVtaWMlMjBQcm9ncmFtJTIwRGV0YWlsJTIwJTNDYSUyMGhyZWYlM0QlMjJodHRwcyUzQSUyRiUyRmRyaXZlLmdvb2dsZS5jb20lMkZkcml2ZSUyRmZvbGRlcnMlMkYxTWphREVVdV9zRllXQkpJRlVXcXNYQXk5bUM2a0liMmslM0Z1c3AlM0Rkcml2ZV9saW5rJTIyJTIwdGFyZ2V0JTNEJTIyX2JsYW5rJTIyJTIwc3R5bGUlM0QlMjJjb2xvciUzQWJsdWUlM0IlMjIlM0VoZXJlJTNDJTJGYSUzRS4lMjAlM0MlMkZkaXYlM0U=[\/vc_raw_html][vc_empty_space height=&#8221;50px&#8221; el_class=&#8221;vc_hidden-xs vc_hidden-sm&#8221;][vc_empty_space height=&#8221;30px&#8221;][\/vc_column][\/vc_row][vc_row bg_type=&#8221;image&#8221; parallax_style=&#8221;vcpb-default&#8221; bg_image_new=&#8221;id^16479|url^https:\/\/elo.edu.vn\/wp-content\/uploads\/2021\/06\/nganh-marketing-banner-4.jpg|caption^null|alt^null|title^nganh-marketing-banner-4|description^null&#8221; bg_image_repeat=&#8221;no-repeat&#8221; bg_image_size=&#8221;initial&#8221; bg_image_posiiton=&#8221;right center&#8221; bg_override=&#8221;full&#8221; el_class=&#8221;elo-row-marketing&#8221;][vc_column][vc_empty_space height=&#8221;25px&#8221; el_class=&#8221;vc_hidden-xs vc_hidden-sm&#8221;][vc_empty_space height=&#8221;30px&#8221;]<div class=\"elo-heading text-center\">REQUIREMENTS<\/div>[vc_single_image image=&#8221;16480&#8243; img_size=&#8221;full&#8221; el_class=&#8221;elo-image-marketing&#8221;][vc_empty_space height=&#8221;20px&#8221;]<div class=\"ult-content-box-container elo-border-radius\" >\t\t<div class=\"ult-content-box\" style=\"background-color:#ffffff;box-shadow: 4px 0px 20px 0px rgba(0,0,0,0.07) ;border-style:none;padding:30px;-webkit-transition: all 700ms ease;-moz-transition: all 700ms ease;-ms-transition: all 700ms ease;-o-transition: all 700ms ease;transition: all 700ms ease;\"  data-hover_bg_color=\"#ffffff\"  data-hover_box_shadow=\" 4px 0px 20px 0px rgba(0,0,0,0.07) \"     data-bg=\"#ffffff\"  data-border_color=\"\" >[vc_column_text]<\/p>\n<h4>Information technology requirements<\/h4>\n<p>More than 90% of learning content is delivered to students by lecturers via devices with an Internet connection. Learners need to make sure some conditions, including:<\/p>\n<p><span style=\"color: #fb5649;\">* <\/span>Desktop\/Laptop<\/p>\n<p><span style=\"color: #fb5649;\">* <\/span>Students can acquire a majority of learning content on mobile devices, but doing some homework may require using a desktop or laptop.[\/vc_column_text]\t\t<\/div><\/div>[vc_empty_space height=&#8221;30px&#8221; el_class=&#8221;vc_hidden-xs vc_hidden-sm&#8221;][vc_empty_space height=&#8221;30px&#8221;]<div class=\" vc_custom_1722827960574 ubtn-ctn-center elo-button popup-button-form\"><button type=\"button\" id=\"ubtn-4580\"  class=\"ubtn ult-adjust-bottom-margin ult-responsive ubtn-custom ubtn-no-hover-bg  none  ubtn-center elo-button popup-button-form  tooltip-69f42d78cda9d\"  data-hover=\"#ffffff\" data-border-color=\"\" data-bg=\"linear-gradient(to right, #fc720c, #f02127)\" data-hover-bg=\"linear-gradient(to right, #f02127, #fc720c)\" data-border-hover=\"\" data-shadow-hover=\"\" data-shadow-click=\"none\" data-shadow=\"\" data-shd-shadow=\"\"  data-ultimate-target='#ubtn-4580'  data-responsive-json-new='{\"font-size\":\"desktop:18px;\",\"line-height\":\"desktop:20px;\"}'  style=\"font-weight:bold;width:270px;min-height:56px;padding:px px;border:none;background: linear-gradient(to right, #fc720c, #f02127);color: #ffffff;\"><span class=\"ubtn-hover\" style=\"background-color:#f02127\"><\/span><span class=\"ubtn-data ubtn-text \" >SIGN UP FOR A FREE CONSULTATION<\/span><\/button><\/div>[\/vc_column][\/vc_row][vc_row][vc_column][vc_empty_space height=&#8221;25px&#8221; el_class=&#8221;vc_hidden-xs vc_hidden-sm&#8221;][\/vc_column][\/vc_row]<\/p>\n","protected":false},"excerpt":{"rendered":"<p>[vc_row][vc_column width=&#8221;7\/12&#8243;][vc_empty_space height=&#8221;50px&#8221; el_class=&#8221;vc_hidden-xs vc_hidden-sm&#8221;][vc_empty_space height=&#8221;40px&#8221;][vc_column_text el_class=&#8221;elo-text-block&#8221;] Ho Chi Minh City Open University&#8217;s Online Bachelor Degree Program in Southeast Asian Studies provides students with basic knowledge of politics, law, economics, and the humanities and social sciences related to culture, tourism, and Southeast Asian studies. Students are fostered in verbal and non-verbal communication skills, thinking and [&hellip;]<\/p>\n","protected":false},"author":1,"featured_media":18512,"parent":0,"menu_order":0,"comment_status":"closed","ping_status":"closed","template":"","meta":[],"_links":{"self":[{"href":"https:\/\/en.elo.edu.vn\/index.php?rest_route=\/wp\/v2\/pages\/18507"}],"collection":[{"href":"https:\/\/en.elo.edu.vn\/index.php?rest_route=\/wp\/v2\/pages"}],"about":[{"href":"https:\/\/en.elo.edu.vn\/index.php?rest_route=\/wp\/v2\/types\/page"}],"author":[{"embeddable":true,"href":"https:\/\/en.elo.edu.vn\/index.php?rest_route=\/wp\/v2\/users\/1"}],"replies":[{"embeddable":true,"href":"https:\/\/en.elo.edu.vn\/index.php?rest_route=%2Fwp%2Fv2%2Fcomments&post=18507"}],"version-history":[{"count":26,"href":"https:\/\/en.elo.edu.vn\/index.php?rest_route=\/wp\/v2\/pages\/18507\/revisions"}],"predecessor-version":[{"id":18883,"href":"https:\/\/en.elo.edu.vn\/index.php?rest_route=\/wp\/v2\/pages\/18507\/revisions\/18883"}],"wp:featuredmedia":[{"embeddable":true,"href":"https:\/\/en.elo.edu.vn\/index.php?rest_route=\/wp\/v2\/media\/18512"}],"wp:attachment":[{"href":"https:\/\/en.elo.edu.vn\/index.php?rest_route=%2Fwp%2Fv2%2Fmedia&parent=18507"}],"curies":[{"name":"wp","href":"https:\/\/api.w.org\/{rel}","templated":true}]}}